 is the remainder when (-6 + 4)*202/(-2) is divided by 50?
2
Let b = 21 - 23. Let i be (b - -1) + (-95 - 6). Let o = i + 167. Calculate the remainder when o is divided by 22.
21
Suppose 5*f - 213 = s, 5*f = 3*s + 203 + 16. Suppose -2*x + 7*x = -20. What is the remainder when f is divided by (-61)/x - 3/12?
12
Let k(f) = -2*f - 15. What is the remainder when 223 is divided by k(-11)?
6
Let q = -15 - -107. What is the remainder when q is divided by 47?
45
Suppose -o + 6*o = 0, -45 = -5*r - 5*o. What is the remainder when 89 is divided by r?
8
Calculate the remainder when 2 is divided by (-6 + 15)/3 - 2.
0
Suppose 4*x = 2*x - 134. Let n = 6 - x. Calculate the remainder when n is divided by 25.
23
Suppose -b = -15*b + 2016. Calculate the remainder when b is divided by 33.
12
Let c = 14 - 0. Suppose -l = -3 - c. Calculate the remainder when 64 is divided by l.
13
Let d(r) = 2*r + 69. What is the remainder when 47 is divided by d(-15)?
8
Let w = -7 - -4. Let j = 37 - 22. Calculate the remainder when 18 is divided by w + j - (5 - 3).
8
Let t(v) = -2*v**3 - 3*v**2 + v - 3. Let h be ((-9)/(-6))/((-5)/10). Let a be t(h). What is the remainder when 87 is divided by -54*(2 - a/9)?
15
Let u = 735 + -501. What is the remainder when u is divided by 111?
12
Let j = -27 - -52. Calculate the remainder when j is divided by (-54)/(-162)*9*3.
7
Let v(b) = -b - b - b - 3*b. Let d = -187 - -192. Calculate the remainder when v(-1) is divided by d.
1
Let a be ((-40)/12)/((-2)/6). Suppose 0 = -3*o - o + 100. Calculate the remainder when o is divided by a + -7 + 6*1.
7
Suppose 0 = -5*w + 5*u, 5*u + 18 = -5*w + 4*u. Calculate the remainder when 12 is divided by (w/(-6))/(1/6).
0
Let x = 218 + -377. Let q = x - -167. What is the remainder when 23 is divided by q?
7
Suppose -2*o = -z + 24, -95*z + 94*z + 28 = -4*o. Calculate the remainder when z is divided by 12.
8
Let c = 376 + -197. Calculate the remainder when c is divided by 12*5/10 - (-11 + -43).
59
Suppose 147 = 5*c + 77. What is the remainder when 335 is divided by c?
13
Let u(y) = -19*y + 781. Calculate the remainder when 84 is divided by u(41).
0
Suppose 12 = 2*h + 4*y - 44, 0 = h + 4*y - 36. Let p = 23 - h. Suppose o = p*o - 32. What is the remainder when 61 is divided by o?
13
Let w = -432 + 222. Let d = w + 309. What is the remainder when d is divided by 20?
19
Suppose a = d - 2*a + 52, 3*d + a + 116 = 0. Let v = d - -66. What is the remainder when v is divided by 14?
12
Let b(z) = z + 5. What is the remainder when b(0) is divided by (-2)/30*3 + (-22)/(-10)?
1
Suppose -v = 5*m - 15, 0 = 8*m - 3*m + 5*v + 5. Let u = -643 - -661. What is the remainder when u is divided by m?
2
Let w(h) = h**3 - 6*h**2 + 5*h + 3. Let g = -53 + 59. Calculate the remainder when w(g) is divided by 7.
5
Suppose -5*r + 139 = 49. Suppose -3*s = -2*c + s + 30, 0 = -4*c + 5*s + 51. Suppose -c*u + 4*u + 175 = 0. What is the remainder when u is divided by r?
17
Suppose 0 = 3*h - 16 - 5. Let w = -13 + h. What is the remainder when 24 is divided by 1001/78 - 1/w?
11
Suppose 11 = -6*v + 23. Suppose 0*y - 5*y = -5*d - 115, -22 = -y + v*d. Calculate the remainder when 44 is divided by y.
20
Suppose 4*s + 4 - 80 = 0. What is the remainder when s is divided by 4?
3
What is the remainder when 215 is divided by (-1352)/(-24) - (-1)/(-3)?
47
Let n = 212 + -95. What is the remainder when n is divided by 20?
17
Let p = -20 + 28. Calculate the remainder when 148 is divided by p.
4
Suppose -n = -3*n + 214. Let f = -104 + 122. What is the remainder when n is divided by f?
17
Suppose 53*p - 1226 = -272. What is the remainder when (-1915)/(-55) - (-4)/22 is divided by p?
17
Let k = 1270 - 1227. Calculate the remainder when 316 is divided by k.
15
Suppose 3*f + 1 = -2*n + 2*f, f = -3*n + 1. Let i be ((-9)/6 + n)*4. Suppose -i*d = 0, 0*s + 2*s - 5*d = 34. Calculate the remainder when 48 is divided by s.
14
Let c(y) = -3 - 2*y + 0 - 4*y + 7*y. Let z be c(8). Suppose f - 2 = z. Calculate the remainder when f is divided by 3.
1
Suppose l + 0*o - 5 = 5*o, 5*o = -3*l - 5. Let r = 25 + l. What is the remainder when r is divided by 7?
4
Let r be (-1 - -5) + (-1 - 0/(-2)). Suppose -r*s - 3*s + 102 = 0. Calculate the remainder when 32 is divided by s.
15
Let m(t) = -t + 1. Let w be m(-1). Suppose -4*q = -2*c - 0*c - 72, w*q - 24 = 4*c. Calculate the remainder when q is divided by 6.
2
Suppose 2*m - 2*l = 1382, -3*m + l + 579 = -1504. What is the remainder when m is divided by 39?
33
Let g(t) = -t**2 + 12*t + 4. Let h be g(12). Suppose -h*n + 23 = -33. What is the remainder when 26 is divided by n?
12
Let o = 50 - 52. Calculate the remainder when (-10 + 4)/o + 5 is divided by 3.
2
Let p = -169 + 236. Let u = -52 + 72. What is the remainder when p is divided by u?
7
Let x = -170 - -193. Calculate the remainder when 111 is divided by x.
19
Suppose 0 = q + q - 10, -3*j + 4*q = -13. What is the remainder when 38 is divided by j?
5
Let z be ((-2)/(-10) - (-18)/60)*10. Suppose -5*f + 2*f + 210 = 0. Suppose 2*o + n - f = -0*n, 10 = -z*n. Calculate the remainder when o is divided by 19.
17
Suppose 2*t = -2*t + 5*m + 22, 4*m = -8. What is the remainder when 37 is divided by t?
1
Let u(d) = 19*d**3 + 1. Let z be 3*2/3 - 1. Suppose -2*r + 26 = 2*p, 3*p - 6 = -0*p. What is the remainder when u(z) is divided by r?
9
Suppose -4*t + 2*t = 3*m + 11, 5*m + 19 = -3*t. Suppose 2*g - 2*h - 42 = 0, -5*g + 70 = -t*h - 20. What is the remainder when 60 is divided by g?
12
Let y(d) = -d**2 + 28*d - 185. What is the remainder when 14 is divided by y(14)?
3
Let u(d) = -d**3 - 3*d**2 - 11*d - 5. Let x(v) = -v**2 + 2*v - 1. Let c be x(2). Calculate the remainder when u(-4) is divided by (c - 1)*38/(-4).
17
Let m(j) = 2*j**2 - 5*j - 3. Suppose -2*y - y + 393 = 0. Let v = 137 - y. Calculate the remainder when m(4) is divided by v.
3
Let q(d) = -56*d + 245. Let v(y) be the third derivative of -y**4/6 - y**3/6 - 2*y**2. Calculate the remainder when q(4) is divided by v(-3).
10
Let s be 276/16 - (-2 - 10/(-8)). Let d be 3*-1*(-20)/(-15). Let k = s + d. Calculate the remainder when k is divided by 5.
4
Let j = -210 + 224. Calculate the remainder when 741 is divided by j.
13
Suppose 3*q + f - 38 = 6*f, 4*q = 2*f + 46. Suppose 522 = q*p - 996. Calculate the remainder when p is divided by 10.
8
Let v = -35 - -45. Let f = -32 + 71. Calculate the remainder when f is divided by v.
9
Let j(w) = -w**3 + 11*w**2 - 9*w + 13. Suppose -46 = 3*g - 5*k, -2*g + k = -g + 14. What is the remainder when j(10) is divided by g/(2 + 2) + 9?
5
Suppose 24 = 3*a + 3*a. Suppose -2*p - 96 = -2*y + 26, 5*y - 310 = a*p. Calculate the remainder when y is divided by 14.
10
Let j be (8/(-6))/((-3)/189). Suppose -5*a + 39 = 5*g - 16, 4*g = 4*a + j. What is the remainder when 58 is divided by g?
10
Let x = 47 + -49. What is the remainder when x*(-2)/4 + 28 is divided by (-1)/(3/(-33)) + 0?
7
Suppose 46*s = 52*s - 618. What is the remainder when s is divided by 27?
22
Let k(s) = 47*s - 13. Let w = -39 - -43. What is the remainder when k(w) is divided by 44?
43
Let f be 12/1*(-1 + 2)/2. Suppose 576 = 22*c - f*c. Calculate the remainder when 68 is divided by c.
32
Let d be (-34)/(-3) - (-6)/9. Let g(n) = n**3 - 12*n**2 + 2*n - 16. What is the remainder when 19 is divided by g(d)?
3
Suppose -5*t + 17*p = 21*p - 1806, 4*t + 3*p - 1445 = 0. What is the remainder when t is divided by 92?
86
Let c = -1050 + 1243. Calculate the remainder when c is divided by 54.
31
Suppose r + 5 = 0, -7*r - 2 = 4*c - 5*r. What is the remainder when 82 is divided by c?
0
Suppose -9*q = -10*q + 38. Let l = -11 + q. Let f(n) = 3*n**2 + 5*n + 3. Calculate the remainder when l is divided by f(-3).
12
Suppose -965 - 135 = -20*m. Suppose -4*b + 7*b = 45. What is the remainder when m is divided by b?
10
Let l(p) = 2*p**2 - 3*p + 3. Let g(o) = o**2 + 5*o + 7. Let k be g(-2). Calculate the remainder when l(k) is divided by 1.
0
Let x be (-2)/6 + (-2 - -4)/6. Suppose -f + u = -23, -3*f + 4*u + 30 = -38. Suppose x = -0*w + 4*w - f. Calculate the remainder when w is divided by 3.
0
Let q = 5 - 2. Suppose 9*c - 8*c = 1. Suppose -n - c = -5. Calculate the remainder when n is divided by q.
1
Let g = -40 - -40. What is the remainder when 77 is divided by (-26)/13 + (g - 1